nder when 291 is divided by 4.
3
Calculate the remainder when 1546 is divided by 91.
90
Calculate the remainder when 494 is divided by 15.
14
What is the remainder when 239 is divided by 27?
23
Calculate the remainder when 4360 is divided by 84.
76
Calculate the remainder when 17 is divided by 12.
5
Calculate the remainder when 1778 is divided by 33.
29
Calculate the remainder when 114 is divided by 51.
12
Calculate the remainder when 67 is divided by 65.
2
Calculate the remainder when 1615 is divided by 60.
55
What is the remainder when 3495 is divided by 7?
2
Calculate the remainder when 231 is divided by 58.
57
What is the remainder when 27 is divided by 14?
13
What is the remainder when 327 is divided by 22?
19
Calculate the remainder when 433 is divided by 63.
55
What is the remainder when 751 is divided by 112?
79
What is the remainder when 298 is divided by 25?
23
What is the remainder when 393 is divided by 114?
51
Calculate the remainder when 14225 is divided by 31.
27
What is the remainder when 751 is divided by 94?
93
Calculate the remainder when 361 is divided by 11.
9
What is the remainder when 1725 is divided by 6?
3
What is the remainder when 1005 is divided by 63?
60
Calculate the remainder when 14039 is divided by 180.
179
What is the remainder when 27 is divided by 16?
11
What is the remainder when 197 is divided by 50?
47
Calculate the remainder when 2104 is divided by 6.
4
What is the remainder when 311 is divided by 27?
14
Calculate the remainder when 240 is divided by 49.
44
Calculate the remainder when 444 is divided by 346.
98
Calculate the remainder when 394 is divided by 44.
42
What is the remainder when 5168 is divided by 10?
8
What is the remainder when 107 is divided by 37?
33
What is the remainder when 152 is divided by 14?
12
What is the remainder when 161 is divided by 85?
76
Calculate the remainder when 990 is divided by 25.
15
What is the remainder when 1437 is divided by 714?
9
What is the remainder when 6333 is divided by 33?
30
Calculate the remainder when 1142 is divided by 1.
0
What is the remainder when 172 is divided by 36?
28
What is the remainder when 96 is divided by 34?
28
Calculate the remainder when 1312 is divided by 337.
301
Calculate the remainder when 549 is divided by 142.
123
Calculate the remainder when 870 is divided by 216.
6
What is the remainder when 336 is divided by 102?
30
Calculate the remainder when 166 is divided by 42.
40
Calculate the remainder when 204 is divided by 101.
2
Calculate the remainder when 323 is divided by 23.
1
Calculate the remainder when 188 is divided by 32.
28
What is the remainder when 1898 is divided by 157?
14
What is the remainder when 8530 is divided by 161?
158
What is the remainder when 286 is divided by 36?
34
Calculate the remainder when 93 is divided by 15.
3
What is the remainder when 15238 is divided by 127?
125
Calculate the remainder when 513 is divided by 58.
49
Calculate the remainder when 1336 is divided by 302.
128
What is the remainder when 214 is divided by 23?
7
Calculate the remainder when 1154 is divided by 120.
74
What is the remainder when 1780 is divided by 27?
25
Calculate the remainder when 860 is divided by 123.
122
What is the remainder when 110 is divided by 36?
2
What is the remainder when 52 is divided by 3?
1
What is the remainder when 110 is divided by 59?
51
Calculate the remainder when 1341 is divided by 84.
81
Calculate the remainder when 627 is divided by 9.
6
Calculate the remainder when 124 is divided by 18.
16
Calculate the remainder when 106 is divided by 9.
7
What is the remainder when 49 is divided by 3?
1
Calculate the remainder when 197 is divided by 10.
7
Calculate the remainder when 4555 is divided by 217.
215
Calculate the remainder when 8933 is divided by 27.
23
Calculate the remainder when 1049 is divided by 50.
49
Calculate the remainder when 104 is divided by 17.
2
What is the remainder when 207 is divided by 108?
99
Calculate the remainder when 786 is divided by 44.
38
What is the remainder when 255 is divided by 23?
2
What is the remainder when 194 is divided by 13?
12
What is the remainder when 45 is divided by 19?
7
Calculate the remainder when 112 is divided by 17.
10
What is the remainder when 1558 is divided by 7?
4
What is the remainder when 652 is divided by 154?
36
Calculate the remainder when 589 is divided by 8.
5
Calculate the remainder when 121 is divided by 25.
21
What is the remainder when 268 is divided by 29?
7
Calculate the remainder when 108 is divided by 17.
6
Calculate the remainder when 2488 is divided by 829.
1
What is the remainder when 1446 is divided by 167?
110
Calculate the remainder when 92 is divided by 8.
4
Calculate the remainder when 575 is divided by 177.
44
Calculate the remainder when 484 is divided by 191.
102
Calculate the remainder when 527 is divided by 131.
3
Calculate the remainder when 1051 is divided by 281.
208
Calculate the remainder when 260 is divided by 8.
4
What is the remainder when 51 is divided by 41?
10
Calculate the remainder when 3336 is divided by 279.
267
What is the remainder when 2057 is divided by 230?
217
Calculate the remainder when 195 is divided by 6.
3
Calculate the remainder when 192 is divided by 30.
12
What is the remainder when 659 is divided by 43?
14
Calculate the remainder when 1038 is divided by 16.
14
Calculate the remainder when 247 is divided by 55.
27
Calculate the remainder when 1011 is divided by 44.
43
Calculate the remainder when 4736 is divided by 12.
8
Calculate the remainder when 597 is divided by 5.
2
Calculate the remainder when 349 is divided by 83.
17
Calculate the remainder when 83 is divided by 33.
17
What is the remainder when 817 is divided by 267?
16
What is the remainder when 402 is divided by 17?
11
What is the remainder when 18131 is divided by 12?
11
Calculate the remainder when 1946 is divided by 387.
11
What is the remainder when 6792 is divided by 79?
77
What is the remainder when 66 is divided by 34?
32
Calculate the remainder when 3939 is divided by 1968.
3
Calculate the remainder when 568 is divided by 152.
112
What is the remainder when 1702 is divided by 19?
11
What is the remainder when 2666 is divided by 58?
56
What is the remainder when 3228 is divided by 95?
93
Calculate the remainder when 19235 is divided by 6.
5
What is the remainder when 218 is divided by 55?
53
What is the remainder when 1642 is divided by 360?
202
What is the remainder when 1130 is divided by 103?
100
Calculate the remainder when 1424 is divided by 55.
49
What is the remainder when 59 is divided by 19?
2
Calculate the remainder when 1481 is divided by 371.
368
Calculate the remainder when 160 is divided by 41.
37
Calculate the remainder when 4702 is divided by 11.
5
What is the remainder when 105 is divided by 50?
5
Calculate the remainder when 2995 is divided by 37.
35
Calculate the remainder when 5246 is divided by 32.
30
Calculate the remainder when 21 is divided by 12.
9
What is the remainder when 131 is divided by 35?
26
Calculate the remainder when 53 is divided by 41.
12
What is the remainder when 236 is divided by 14?
12
Calculate the remainder when 16959 is divided by 32.
31
What is the remainder when 2051 is divided by 48?
35
Calculate the remainder when 1600 is divided by 778.
44
What is the remainder when 90 is divided by 32?
26
What is the remainder when 774 is divided by 31?
30
Calculate the remainder when 1352 is divided by 14.
8
Calculate the remainder when 1508 is divided by 24.
20
What is the remainder when 165 is divided by 86?
79
What is the remainder when 166 is divided by 84?
82
What is the remainder when 950 is divided by 18?
14
What is the remainder when 35855 is divided by 12?
11
Calculate the remainder when 8 is divided by 5.
3
Calculate the remainder when 2104 is divided by 48.
40
Calculate the remainder when 29 is divided by 4.
1
Calculate the remainder when 640 is divided by 37.
11
Calculate the remainder when 12 is divided by 10.
2
What is the remainder when 1001 is divided by 200?
1
Calculate the remainder when 45 is divided by 29.
16
What is the remainder when 4435 is divided by 12?
7
Calculate the remainder when 316 is divided by 134.
48
Calculate the remainder when 225 is divided by 96.
3